11
In base 14, what is a9 + -1b31c?
-1b253
In base 5, what is -1141 - 232023102?
-232024243
In base 12, what is 1a0b6325 - 2?
1a0b6323
In base 13, what is 1866 - -96c4?
b25a
In base 9, what is -6 + 43212246?
43212240
In base 12, what is 72 + 694250?
694302
In base 5, what is -4 - -3111112213?
3111112204
In base 14, what is 1a9861c + 1?
1a9861d
In base 4, what is -3233310130 + 320?
-3233303210
In base 5, what is -403231421 - -10241?
-403221130
In base 14, what is -21 - -a8d943?
a8d922
In base 15, what is -2 - bc8837?
-bc8839
In base 3, what is -1002112 - -2110021100?
2102011211
In base 9, what is 2 - 11634718?
-11634716
In base 7, what is 10312 - 50423?
-40111
In base 7, what is 16353540 + -50?
16353460
In base 16, what is -4 - -16f21e?
16f21a
In base 7, what is 16 - -213145513?
213145532
In base 14, what is -483cbd4 + -7?
-483cbdb
In base 8, what is -1307 + -3431100?
-3432407
In base 10, what is 8169 - 19797?
-11628
In base 3, what is -121 - 202200011110100?
-202200011110221
In base 3, what is 1010010020 + -21012?
1002212001
In base 8, what is -3741 + 45166?
41225
In base 2, what is -101010 + 100110001000100111?
100110000111111101
In base 14, what is 8 - -464d52?
464d5a
In base 13, what is -327bc + 8?
-327b4
In base 4, what is -113013 - -1300020?
1121001
In base 6, what is 3 + 122422324?
122422331
In base 2, what is -100000110110110 + 110001101?
-100000000101001
In base 4, what is -10 + 32011201013?
32011201003
In base 5, what is 13 + 1110212443?
1110213011
In base 9, what is 111717824 + 0?
111717824
In base 3, what is 2 - 22011000010110?
-22011000010101
In base 10, what is 2913252 + -2?
2913250
In base 5, what is 3243300 - -22103?
3320403
In base 8, what is 20737 + 436?
21375
In base 16, what is -4 - -2f645ca?
2f645c6
In base 13, what is -433c09 - 15?
-433c21
In base 16, what is 37073a + 7?
370741
In base 5, what is 111 - -4341404?
4342020
In base 9, what is -3528 + 408?
-3120
In base 15, what is -590b2 - 75?
-59137
In base 6, what is -11301112 + 1001?
-11300111
In base 3, what is -220120112122 + -12?
-220120112211
In base 6, what is 4452303501 - -3?
4452303504
In base 16, what is -4 + -1356df?
-1356e3
In base 9, what is -141120 + -176?
-141306
In base 3, what is -2001112200 + 201112?
-2000211011
In base 5, what is -41212111 - -1204?
-41210402
In base 8, what is 5046206 - -17?
5046225
In base 8, what is -30 + -12031620?
-12031650
In base 16, what is 68460 + 21?
68481
In base 9, what is 0 - -84366783?
84366783
In base 11, what is 729929 - -153?
729a81
In base 7, what is 526 + 46656?
50515
In base 13, what is 1b618 - 125a?
1a38b
In base 4, what is 1023332133201 + 10?
1023332133211
In base 3, what is -2 - 202002222110100?
-202002222110102
In base 10, what is -110 + 101764?
101654
In base 13, what is -974 - 1958a?
-1a231
In base 4, what is 23132001112 - 12?
23132001100
In base 11, what is -145a49 + -76?
-146014
In base 11, what is -1799 + 24128?
2243a
In base 8, what is 243 + 1271066?
1271331
In base 14, what is -3 + d2a82?
d2a7d
In base 5, what is 130302 + -11122?
114130
In base 7, what is -2226 - -3141363?
3136134
In base 10, what is 20078 - 635?
19443
In base 13, what is -297 + -55103?
-5539a
In base 13, what is -7b2c6 + -a?
-7b303
In base 11, what is 74 + 3644a0?
364564
In base 13, what is 3 - -1b691768?
1b69176b
In base 12, what is -92689 - 142b?
-93ab8
In base 5, what is -3 + 1220442023?
1220442020
In base 4, what is -12213332123213 + 3?
-12213332123210
In base 14, what is -4 - 6b40dd?
-6b4103
In base 16, what is -3b47 + -1544?
-508b
In base 4, what is 10 - -1010201033223?
1010201033233
In base 7, what is 1222 - -130613?
132135
In base 6, what is -10043 + 3422?
-2221
In base 6, what is -230044 - -213?
-225431
In base 16, what is 1 + 13708645?
13708646
In base 9, what is 474878682 - -3?
474878685
In base 6, what is -1 + -2423541044?
-2423541045
In base 12, what is -4 + 3816b1a?
3816b16
In base 14, what is 9b364 + -420?
9ad44
In base 6, what is 40514 + -50341?
-5423
In base 11, what is 8a3aa + 208?
8a607
In base 4, what is 2203011312 - -10?
2203011322
In base 15, what is 261e9 - -3da?
265d4
In base 7, what is -5 + -11661611054?
-11661611062
In base 15, what is -168b + 95?
-15e6
In base 11, what is 11 - -12370026?
12370037
In base 2, what is 11 - -1001001011111000111001101?
1001001011111000111010000
In base 6, what is 33 - -105053235?
105053312
In base 6, what is -103555 - 455?
-104454
In base 4, what is 103 + -20321333110?
-20321333001
In base 8, what is -101626054 + -14?
-101626070
In base 13, what is -7763a7 - -11?
-776396
In base 9, what is 15546 + 711?
16357
In base 6, what is 542300043 + -20?
542300023
In base 7, what is 502 + -3105664?
-3105162
In base 3, what is -12 - -10120010121121110?
10120010121121021
In base 4, what is 120311 + -2200010?
-2013033
In base 7, what is -405533 - 341?
-406204
In base 7, what is -45234463 + -43?
-45234536
In base 2, what is -11 + 10010100110110111101100100111?
10010100110110111101100100100
In base 5, what is 321021 + -201022?
114444
In base 6, what is 1 + 220054054?
220054055
In base 12, what is 0 + -7019b2?
-7019b2
In base 4, what is -321130122 - -2021?
-321122101
In base 3, what is -2 - 1211001010?
-1211001012
In base 2, what is 101 + -1000101001010001100101?
-1000101001010001100000
In base 9, what is -311 - -18372?
18061
In base 2, what is 10000101010001 - 1011000?
10000011111001
In base 8, what is 1570 - -12625?
14415
In base 11, what is 4901821 + 11?
4901832
In base 2, what is 111 + -11100111001010010010000000?
-11100111001010010001111001
In base 13, what is -19b + -23645?
-23813
In base 12, what is 3095062 + a?
3095070
In base 2, what is -1 + -10000011011111111101000000010?
-10000011011111111101000000011
In base 10, what is 0 - 44433134?
-44433134
In base 15, what is d1 + -171e6?
-17115
In base 15, what is d6 + -57bd8?
-57b02
In base 2, what is 1010111001001011010 + 100010101?
1010111001101101111
In base 11, what is -327812 - 475?
-328187
In base 2, what is -1011110111011110110101 + 1000?
-1011110111011110101101
In base 11, what is -2777576 + -10?
-2777586
In base 11, what is -2 - -5846298?
5846296
In base 11, what is 24 - -8866?
888a
In base 11, what is 385 + 137490?
137865
In base 4, what is 23 - -302111032101?
302111032130
In base 8, what is -17 - 50210505?
-50210524
In base 9, what is -87 + 217125?
217027
In base 15, what is 0 + 8be201?
8be201
In base 10, what is 2 - 12671771?
-12671769
In base 15, what is -3cda3b - 12?
-3cda4d
In base 15, what is 17d48 + 13?
17d5b
In base 11, what is 9873 + 176?
9a39
In base 10, what is 4 - 41718189?
-41718185
In base 6, what is 2231 - 105331?
-103100
In base 11, what is 2092677 + 31?
20926a8
In base 3, what is 11 + 11200210020002?
11200210020020
In base 11, what is 222354 - -a?
222363
In base 10, what is 34 + -714687?
-714653
In base 9, what is 15 + 1280448?
1280464
In base 8, what is 111414 + 246?
111662
In base 12, what is 5 + -3b3a46b?
-3b3a466
In base 5, what is -1 - 232000130?
-232000131
In base 15, what is -1ead81 + -23?
-1eada4
In base 7, what is -34 + -153060?
-153124
In base 10, what is -274 + 191306?
191032
In base 10, what is -410187 + -40?
-410227
In base 3, what is -2121021101112 - -12?
-2121021101100
In base 15, what is 1 + -10b1778?
-10b1777
In base 11, what is 809a418 - -28?
809a445
In base 15, what is -355a - -936?
-2b24
In base 5, what is -42030043421 - 4?
-42030043430
In base 14, what is -5400109 - 4?
-540010d
In base 9, what is 12 - 1437528?
-1437516
In base 11, what is 1246 - -17209?
18454
In base 7, what is -655601 + 1?
-655600
In base 9, what is -47576 + -1627?
-50314
In base 14, what is 28ac - 1535?
1377
In base 4, what is -3 - -1223102322?
1223102313
In base 9, what is 84 - -616156?
616251
In base 4, what is 2202221 - -301210?
3110031
In base 11, what is -1 - 563860a?
-5638610
In base 15, what is c + -2731e?
-27312
In base 12, what is 198240 - 53?
1981a9
In base 5, what is 24420122 + -131?
24414441
In base 11, what is 2 - 489a5605?
-489a5603
In base 8, what is -42 + 17444712?
17444650
In base 10, what is -49624118 + -1?
-49624119
In base 10, what is 1 - 658097?
-658096
In base 12, what is 16791216 + 5?
1679121b
In base 9, what is 333840 + -2057?
331772
In base 4, what is 120 + -113011321030?
-113011320310
In base 15, what is -c4